*o. Suppose 106 = -k + o*k. Is k a composite number?
False
Let p = -1 + 4. Suppose p*n - 3 + 0 = 0. Suppose 52 + n = k. Is k a composite number?
False
Let m be 1/(-3) + (-44)/(-6). Suppose 292 = 5*v + m. Suppose 4*n - 83 = v. Is n prime?
False
Let r(k) = k**3 + 3*k**2 - 7*k - 8. Let c be r(-4). Suppose 5*o - 81 = -c*x, -x + 0*o = -3*o - 16. Is x prime?
True
Let l = 3556 - 2301. Suppose -9*r + l = -4*r. Is r a composite number?
False
Suppose -6*n = -n - 815. Is n a prime number?
True
Let a(q) = -q + 4. Let w be a(6). Let m be (-64)/(w + 1 + 0). Suppose 0 = 3*t - 2*p - m, -12 = -3*t - 2*p + 56. Is t a composite number?
True
Let w = 16 - 22. Let s be -5*3 + (w - -4). Let j = 4 - s. Is j composite?
True
Suppose -b - 5*q + 2*q - 32 = 0, -q + 71 = -2*b. Let g(s) = 2*s**3 + s**2 + 3*s - 2. Let c be g(3). Let j = c + b. Is j a composite number?
True
Suppose -3*u - u + 52 = -5*b, -5*u + 50 = -5*b. Is 3/(-2)*2152/b a composite number?
False
Suppose 5 = -5*o - 5*p, -4*p = -4*o + 2*o + 16. Suppose -o*c = -4*s - 142, 4*c + 76 = s - 3*s. Let r = s + 71. Is r composite?
True
Let o = 354 + -183. Suppose 0 = 3*q - 0*q - o. Is q composite?
True
Suppose c + 4*y - 13 = 0, -4*c - 4*y = -6 - 10. Suppose 0*r = -r + c, 5*r - 308 = -h. Is h a composite number?
True
Let c(d) be the third derivative of 0 - 7/6*d**3 + 1/8*d**4 + 1/20*d**5 + 2*d**2 + 0*d. Is c(-5) composite?
False
Suppose -2*b + 5*d = -5*b + 33, -30 = -3*b - 4*d. Let m be b + -5 - (0 + 4). Is ((-26)/6)/(m/18) a composite number?
True
Let a = -3 + 3. Suppose 5*o - 268 = x, 5*o + x + 2*x - 256 = a. Is o composite?
False
Let j(c) = 1 - 3*c**2 + 0*c + 2*c + 0*c + 0. Let q be j(5). Is 4/6 - q/12 a composite number?
True
Let o(p) = 4*p**3 - 2*p**2 + 1. Let r be o(1). Suppose -3*v + 43 = 2*z, -2*z - r*v = -3*z + 26. Is z a prime number?
True
Let o be 10/15 + (-14)/(-6). Suppose -3*l - 5*g + 138 = 0, 5 + 4 = -o*g. Is l a prime number?
False
Suppose -22 = -x + 23. Is 2/((-24)/x)*-4 a prime number?
False
Let h be 2 + (1 - -1) - 1. Is ((-47)/h)/(6/(-36)) composite?
True
Suppose -5*y = -5*r - 50, -r - y - 8 + 2 = 0. Is 215 + 2 + r/(-4) prime?
False
Let m(y) = 55*y**3 + y**2 + 5*y - 5. Is m(2) prime?
True
Let x = 2424 + -1325. Is x a prime number?
False
Suppose -7*g = -2*g - 75. Let j be (-37)/(-4) - g/(-20). Suppose 4 = -v + j. Is v a composite number?
True
Suppose -w + 47 = -d + 5, 2*w - 4*d = 94. Is w a prime number?
True
Let q(l) = -l + 13. Is q(0) composite?
False
Let r = -231 - -591. Suppose 4*z + 3*p = 1445, -2*p + 0*p + r = z. Is z composite?
True
Let h = -71 + 150. Is h composite?
False
Let b be -909 + (-1 - -1)/(-2). Is b/(-21) + (-4)/14 prime?
True
Let p(i) = 29*i**3 - 3*i**2 + i + 1. Suppose -4*a - 3*w + 3 = 35, -5*a - w = 40. Let n = a + 10. Is p(n) prime?
True
Let r = 145 + 12. Is r a composite number?
False
Is -2 + 2547 + -2 + 0 a composite number?
False
Let k(a) = a**2 + 5*a - 2. Let t be k(-4). Let s(n) = -n**3 - 7*n**2 - 8*n - 8. Is s(t) a prime number?
False
Is ((-29)/2)/((-2)/92) prime?
False
Let t(a) = 333*a - 2. Is t(1) a prime number?
True
Suppose 25 = 2*c - v, 5*c + v - 65 = 3*v. Suppose 0 = -2*z + 3*r + c, -2*z = -0*r + 4*r - 50. Is z a prime number?
False
Let g(c) = c**3 - 2*c**2 - 6*c + 1. Let r be 3 - (-2)/(6/3). Suppose -14 = -r*j + 2. Is g(j) prime?
False
Is 264 + 1 - (-4)/(-2) composite?
False
Suppose 4*m = -0*h - 4*h + 212, -4*m = -3*h + 173. Is h composite?
True
Let c(p) = 3*p + 1. Let d be c(7). Let y = d + 4. Is y prime?
False
Suppose 2*l - 531 - 247 = 0. Is l a prime number?
True
Let o(n) = -6*n**2 - n + 1. Let k be o(1). Let v be (-9)/k + (-306)/4. Let w = v - -106. Is w prime?
True
Let b(o) = o**2. Let l be b(-2). Suppose -f - 2*z = -2*f + 151, 0 = -l*z + 8. Is f a composite number?
True
Let d = 5 + -7. Is (-332)/(-10) - d/(-10) prime?
False
Let a be 2/(-11) - (-180)/22. Let y be (-61)/4 - (-2)/8. Let s = a - y. Is s a composite number?
False
Let d = 665 + -318. Is d prime?
True
Let b(d) = 17*d**2 + 4*d - 3. Let g be b(5). Suppose 5*k + 47 - g = 0. Is k composite?
False
Let p(j) = -j**2 + 9*j - 6. Let l be p(7). Suppose 5*m - m - g = 44, -2*m + l = 3*g. Is m a composite number?
True
Let q = 184 + 51. Is q a composite number?
True
Is (-284)/6*(-30)/4 prime?
False
Suppose v - 6*v = 0, -105 = x + 4*v. Let c = -52 - x. Suppose r - 47 = -0*r - 4*n, 0 = r + n - c. Is r a prime number?
False
Let g(p) = -p**2 - 8*p - 7. Let v be g(-6). Suppose v = a + 50. Let l = a - -64. Is l a prime number?
True
Let k(x) = 27*x**2 - 5*x + 13. Is k(6) a composite number?
True
Suppose -1190 = -2*y + p, y - 2*p = -4*y + 2975. Is (4/(-5))/((-14)/y) prime?
False
Suppose -5*j + 2*j = -1314. Suppose -3*a - 2*a + c = -1089, -2*a = -c - j. Is a prime?
False
Let l = 243 + -52. Is l prime?
True
Suppose 3*x - 10 = 3*w + 26, -w - 3 = 0. Suppose t - 23 = -x. Is -1*t*(-117)/18 composite?
True
Let y = 0 + 1. Suppose -x - 5 = y. Is 1/(-3) - 86/x prime?
False
Suppose 5*a = -5*l + 1 - 71, -l + 4*a + 11 = 0. Is 3/l - 1556/(-6) prime?
False
Let c = 3129 + -1408. Is c a composite number?
False
Is 9/21 - 83070/(-63) composite?
False
Is 127/(4 - (-19)/(-5)) a composite number?
True
Suppose -2*j = -5*j - 2*z + 471, -5*j + 5*z = -785. Is j a composite number?
False
Let c(l) = -49*l - 1. Let g(f) = -f. Let n(r) = c(r) - g(r). Let w be 2/(-3)*(-12)/(-8). Is n(w) a prime number?
True
Let n(v) = -v**2 + 8*v + 3. Let s be n(8). Suppose 4*u + s*i = 187, 2*u + 0*i = 5*i + 61. Is u composite?
False
Let j be 118/(-10) + (-4)/20. Is (0 + 1)/(j/(-1740)) composite?
True
Let o be ((-728)/(-8))/(1 + 0). Let s = 294 - o. Is s prime?
False
Suppose 0*r + 10 = 5*r. Suppose 0 = -2*j + 3*x - 2, -2*x = -3*j - r*j + 17. Let z(w) = w**3 - 5*w**2 + 8*w - 5. Is z(j) a composite number?
True
Suppose 20 = v + 4*v. Suppose 4*h + 8 = -5*j, 5*j - 3 = v*h + 5. Suppose -5*p + 25 = j, -3*w - 2*p + 124 + 87 = 0. Is w composite?
False
Let c(r) be the second derivative of -r**5/3 - r**4/24 - r**3/6 - 2*r. Let j(f) be the second derivative of c(f). Is j(-2) a prime number?
True
Suppose 5*p - 2*n = 6807, 0 = -4*p + 4*n + 5375 + 73. Is p prime?
True
Let i(f) = -f**3 - 8*f**2 + f + 11. Let w be i(-8). Suppose -2*a + 187 = -2*o - o, w*a = -4*o + 289. Is a a prime number?
False
Let t be 294 + 3/(-3 - -6). Suppose 3*u - t = -73. Is u a composite number?
True
Let m be -2*(2 - (-98)/4). Let d = -28 - m. Is d a prime number?
False
Let l = 2 + -4. Let s be (-8)/5*5/l. Suppose 0 = s*x + m - 48 - 97, 0 = m + 3. Is x a prime number?
True
Suppose -n = 2*n - 6. Let l(c) = c**2 - 2*c + 4*c + 3 - 11*c**3 - n. Is l(-1) a prime number?
True
Let w = 592 + -95. Is w composite?
True
Suppose -9*d - 89 = -10*d. Is d a prime number?
True
Let y(t) = -t**3 + 7*t**2 + 3*t - 6. Suppose -4*n = -2*l - 24, n + 3*l - 13 = 7*l. Is y(n) a prime number?
True
Let g be (-2)/7 - (-3140)/(-35). Let r = g - -143. Is r a composite number?
False
Let d(r) = r**2 - 7*r + 2. Let o be d(7). Suppose 156 + 162 = o*t. Is t a prime number?
False
Let z(d) = d**3 + d**2 + 7*d + 1. Let p be z(5). Is ((-8)/12)/((-4)/p) composite?
False
Let b(a) = 48*a - 5. Is b(8) prime?
True
Suppose 36*n - 30*n - 2082 = 0. Is n a composite number?
False
Suppose 362 + 218 = 4*g. Is g prime?
False
Suppose -5*b - 4 = -b, 0 = -4*i + 5*b - 315. Let m = i - -142. Is m a composite number?
True
Suppose -2*b - 347 = -5*z - 90, -3*z + 167 = 2*b. Is z a composite number?
False
Let x = -609 - -1696. Is x composite?
False
Let u(f) = -164*f**3 + f. Suppose 3*o - h + 8 = -0*o, -1 = -4*o - h. Is u(o) a prime number?
True
Let b(z) = z + 7. Let u = 11 + -15. Let f be b(u). Is (1 - 575)*f/(-6) prime?
False
Let q(u) = -11*u**2 + 13*u - 13. Let z(d) = 10*d**2 - 12*d + 12. Let x(m) = 5*q(m) + 6*z(m). Is x(5) a prime number?
True
Let q(g) = -g**3 + 2*g**2 + 4*g + 1. Let d be q(3). Suppose -2*h = -d - 4, 107 = 5*b + 3*h. Is b composite?
False
Let o(y) = 4*y**2 - 3*y + 3. Suppose -6 = 2*j + 2. Is o(j) a prime number?
True
Let k = -10 - -10. Suppose d + 2*d - 327 = 0. Suppose 3*z - 2*f = -k*f + d, -5*z = -f - 177. Is z a prime number?
False
Let k be 139/2 + (-15)/10. Is (-2)/2 - (10 - k) prime?
False
Let u = 86 - 85. Let g = -22 + 54. Let m = g - u. Is m composite?
False
Let b(h) = h**3 - 2*h**2 - 2*h. Let z be b(3). Let t = 18 + -8. Suppose -p + t = z. I